{"id":690,"date":"2021-08-20T08:26:14","date_gmt":"2021-08-20T08:26:14","guid":{"rendered":"https:\/\/losasadores.mx\/index.php\/product\/trowel-with-plastic-sleeve\/"},"modified":"2023-03-09T16:24:48","modified_gmt":"2023-03-09T16:24:48","slug":"asador-azteca","status":"publish","type":"product","link":"https:\/\/losasadores.mx\/index.php\/product\/asador-azteca\/","title":{"rendered":"Azteca"},"content":{"rendered":"\t\t<div data-elementor-type=\"wp-post\" data-elementor-id=\"690\" class=\"elementor elementor-690\">\n\t\t\t\t\t\t\t\t\t<section class=\"elementor-section elementor-top-section elementor-element elementor-element-070b5fe elementor-section-boxed elementor-section-height-default elementor-section-height-default\" data-id=\"070b5fe\" data-element_type=\"section\">\n\t\t\t\t\t\t<div class=\"elementor-container elementor-column-gap-no\">\n\t\t\t\t\t<div class=\"elementor-column elementor-col-100 elementor-top-column elementor-element elementor-element-a6d5abc\" data-id=\"a6d5abc\" data-element_type=\"column\">\n\t\t\t<div class=\"elementor-widget-wrap elementor-element-populated\">\n\t\t\t\t\t\t\t\t<div class=\"elementor-element elementor-element-2ae2cb2 elementor-widget elementor-widget-text-editor\" data-id=\"2ae2cb2\" data-element_type=\"widget\" data-widget_type=\"text-editor.default\">\n\t\t\t\t<div class=\"elementor-widget-container\">\n\t\t\t<style>\/*! elementor - v3.11.3 - 07-03-2023 *\/\n.elementor-widget-text-editor.elementor-drop-cap-view-stacked .elementor-drop-cap{background-color:#818a91;color:#fff}.elementor-widget-text-editor.elementor-drop-cap-view-framed .elementor-drop-cap{color:#818a91;border:3px solid;background-color:transparent}.elementor-widget-text-editor:not(.elementor-drop-cap-view-default) .elementor-drop-cap{margin-top:8px}.elementor-widget-text-editor:not(.elementor-drop-cap-view-default) .elementor-drop-cap-letter{width:1em;height:1em}.elementor-widget-text-editor .elementor-drop-cap{float:left;text-align:center;line-height:1;font-size:50px}.elementor-widget-text-editor .elementor-drop-cap-letter{display:inline-block}<\/style>\t\t\t\t<p>Base met\u00e1lica fija resistente cubierta con pintura electrost\u00e1tica, parrilla de malla soldada con bisagras a la base, caj\u00f3n deslizable para el carb\u00f3n y una mesa lateral que sirve como apoyo para los utensilios. Uno de nuestros productos m\u00e1s populares por su relaci\u00f3n calidad\/precio, ideal para las peque\u00f1as familias que conviven los fines de semana.<\/p>\n<p>Experimenta el sabor de tus alimentos favoritos a la parrilla con tu familia o amigos; disfruta de un partido de f\u00fatbol, un festejo o \u00fasalo como excusa para convivir y pasar el rato con gente querida.<\/p><p><br><\/p>\n<p><\/p>\n<p><b>Medidas:<\/b><\/p>\n<p><b>Parrilla: 40 x 60 cm<\/b><\/p>\n<p><b>Altura: 82 cm<\/b><\/p>\n<p><b><br><\/b><\/p>\n<p><b>&nbsp;<\/b><i style=\"color: var(--ast-global-color-3);\">Nuestros productos son hechos a mano y pueden tener ligeras variaciones.<\/i><\/p>\t\t\t\t\t\t<\/div>\n\t\t\t\t<\/div>\n\t\t\t\t\t<\/div>\n\t\t<\/div>\n\t\t\t\t\t\t\t<\/div>\n\t\t<\/section>\n\t\t\t\t<section class=\"elementor-section elementor-top-section elementor-element elementor-element-beddc71 elementor-section-height-min-height elementor-hidden-desktop elementor-section-boxed elementor-section-height-default elementor-section-items-middle\" data-id=\"beddc71\" data-element_type=\"section\" data-settings=\"{&quot;background_background&quot;:&quot;classic&quot;}\">\n\t\t\t\t\t\t<div class=\"elementor-container elementor-column-gap-default\">\n\t\t\t\t\t<div class=\"elementor-column elementor-col-100 elementor-top-column elementor-element elementor-element-eb7704a\" data-id=\"eb7704a\" data-element_type=\"column\">\n\t\t\t<div class=\"elementor-widget-wrap\">\n\t\t\t\t\t\t\t\t\t<\/div>\n\t\t<\/div>\n\t\t\t\t\t\t\t<\/div>\n\t\t<\/section>\n\t\t\t\t<section class=\"elementor-section elementor-top-section elementor-element elementor-element-94087f5 elementor-section-height-min-height elementor-hidden-desktop elementor-section-boxed elementor-section-height-default elementor-section-items-middle\" data-id=\"94087f5\" data-element_type=\"section\">\n\t\t\t\t\t\t<div class=\"elementor-container elementor-column-gap-default\">\n\t\t\t\t\t<div class=\"elementor-column elementor-col-100 elementor-top-column elementor-element elementor-element-b3a1b72\" data-id=\"b3a1b72\" data-element_type=\"column\">\n\t\t\t<div class=\"elementor-widget-wrap\">\n\t\t\t\t\t\t\t\t\t<\/div>\n\t\t<\/div>\n\t\t\t\t\t\t\t<\/div>\n\t\t<\/section>\n\t\t\t\t<section class=\"elementor-section elementor-top-section elementor-element elementor-element-0b25333 elementor-section-height-min-height elementor-hidden-tablet elementor-hidden-mobile elementor-section-boxed elementor-section-height-default elementor-section-items-middle\" data-id=\"0b25333\" data-element_type=\"section\" data-settings=\"{&quot;background_background&quot;:&quot;classic&quot;}\">\n\t\t\t\t\t\t<div class=\"elementor-container elementor-column-gap-default\">\n\t\t\t\t\t<div class=\"elementor-column elementor-col-100 elementor-top-column elementor-element elementor-element-5e487a0\" data-id=\"5e487a0\" data-element_type=\"column\">\n\t\t\t<div class=\"elementor-widget-wrap\">\n\t\t\t\t\t\t\t\t\t<\/div>\n\t\t<\/div>\n\t\t\t\t\t\t\t<\/div>\n\t\t<\/section>\n\t\t\t\t\t\t\t<\/div>\n\t\t","protected":false},"excerpt":{"rendered":"<p><a class=\"XqQF9c\" href=\"https:\/\/sites.google.com\/u\/0\/d\/1vZyRc23WsIAbmID4R6zShMmYpz3dNDPy\/p\/1CnwMhjBCDcpKHvvoc0uMQOJoute-zfLb\/preview?authuser=0\">Uno de nuestros productos m\u00e1s populares, pensado para las familias que se re\u00fanen los fines de semana<\/a><\/p>\n","protected":false},"featured_media":2777,"comment_status":"open","ping_status":"closed","template":"","meta":{"om_disable_all_campaigns":false,"_monsterinsights_skip_tracking":false,"_monsterinsights_sitenote_active":false,"_monsterinsights_sitenote_note":"","_monsterinsights_sitenote_category":0,"site-sidebar-layout":"no-sidebar","site-content-layout":"content-boxed-container","ast-global-header-display":"","ast-main-header-display":"","ast-hfb-above-header-display":"","ast-hfb-below-header-display":"","ast-hfb-mobile-header-display":"","site-post-title":"disabled","ast-breadcrumbs-content":"","ast-featured-img":"disabled","footer-sml-layout":"","theme-transparent-header-meta":"default","adv-header-id-meta":"","stick-header-meta":"","header-above-stick-meta":"","header-main-stick-meta":"","header-below-stick-meta":""},"product_cat":[36],"product_tag":[],"aioseo_notices":[],"_links":{"self":[{"href":"https:\/\/losasadores.mx\/index.php\/wp-json\/wp\/v2\/product\/690"}],"collection":[{"href":"https:\/\/losasadores.mx\/index.php\/wp-json\/wp\/v2\/product"}],"about":[{"href":"https:\/\/losasadores.mx\/index.php\/wp-json\/wp\/v2\/types\/product"}],"replies":[{"embeddable":true,"href":"https:\/\/losasadores.mx\/index.php\/wp-json\/wp\/v2\/comments?post=690"}],"version-history":[{"count":58,"href":"https:\/\/losasadores.mx\/index.php\/wp-json\/wp\/v2\/product\/690\/revisions"}],"predecessor-version":[{"id":2787,"href":"https:\/\/losasadores.mx\/index.php\/wp-json\/wp\/v2\/product\/690\/revisions\/2787"}],"wp:featuredmedia":[{"embeddable":true,"href":"https:\/\/losasadores.mx\/index.php\/wp-json\/wp\/v2\/media\/2777"}],"wp:attachment":[{"href":"https:\/\/losasadores.mx\/index.php\/wp-json\/wp\/v2\/media?parent=690"}],"wp:term":[{"taxonomy":"product_cat","embeddable":true,"href":"https:\/\/losasadores.mx\/index.php\/wp-json\/wp\/v2\/product_cat?post=690"},{"taxonomy":"product_tag","embeddable":true,"href":"https:\/\/losasadores.mx\/index.php\/wp-json\/wp\/v2\/product_tag?post=690"}],"curies":[{"name":"wp","href":"https:\/\/api.w.org\/{rel}","templated":true}]}}